, -b*u = 4*s - k. What is the tens digit of s?
3
Suppose -5*n + 29594 = 4*o - 12280, -2*n = -4*o - 16716. What is the thousands digit of n?
8
Suppose -5*c = 4*c. Suppose 2*u = -3*z - c*u + 1028, 5*z = u + 1696. Suppose -4*b + z = b. What is the units digit of b?
8
Suppose 8*w - 1664 = 4*w. What is the units digit of w*((-176)/(-96) - (-2)/(-6))?
4
Suppose 33 + 194 = j - 5*b, 0 = 2*j + 3*b - 402. Suppose -11*c = -8*c - j. Let w = c + 36. What is the tens digit of w?
0
Let r = 34165 + -21051. What is the ten thousands digit of r?
1
Suppose 301*p - 300*p - 15357 = -g, -2*p + 30738 = -4*g. What is the hundreds digit of p?
3
Let x(p) = -45*p**2 + 268*p**2 - 1 + 5 + 4*p. What is the tens digit of x(-1)?
2
Suppose -s - 2*s - 4*t = -44, -3*t = -4*s + 92. Suppose -s*g + 724 = -16*g. What is the tens digit of g?
8
Let w be 6*(3 - (15/(-9) + 4)). Let s(v) = 202*v - 33. What is the units digit of s(w)?
5
Let y(q) = 20*q**2 - 3. Let k be y(2). Let a be 209/k - 4/(-42)*3. What is the units digit of 2/a - (3 + (-380)/6)?
1
Let j be 5/2*(52 - 54). What is the units digit of (28 - -1)*(j - -5 - -14)?
6
What is the ten thousands digit of 78/(-273) + 1119555/35?
3
Let w = 11 - 11. Let y be 28/12 + (w - 4/(-6)). Suppose -2*q + 41 = -y. What is the tens digit of q?
2
Let u be -10*10/(-12)*(3 - -36). Suppose -5*c + 200 = -u. What is the units digit of c?
5
Let h = 9 - 6. Suppose 15 - 24 = -h*y. Suppose -d + y*a + 81 = 0, -4*d + a = -2*d - 152. What is the units digit of d?
5
Let c(u) = u**3 + 4*u**2 + 6*u + 29. Let r be c(-4). Let p be (r - 21/2) + 3/2. What is the tens digit of (2 - -3 - -248) + p?
4
Suppose -19 = -3*b - 5*m + 4*m, -4*b = 2*m - 28. Suppose -2*g - b*h + 9 = 0, -3*g = h + 5 + 1. Let u(v) = -43*v - 11. What is the tens digit of u(g)?
1
Let h = 83 + -78. Suppose -t - h = -9. Suppose 246 = 2*d + 5*g, 4*d + t*g - 138 = 354. What is the tens digit of d?
2
Let i be (2/6)/((-3)/(-72)). Suppose -i*v + 1672 = 3*v. Suppose 0 = 3*n - 10 - v. What is the tens digit of n?
5
Let n = -5857 + 44156. What is the tens digit of n?
9
Suppose -3*k - 13*k + 128 = 0. Let l = 3 + k. What is the units digit of l?
1
Let s(r) = -r**3 + 8*r**2 + 7*r + 8. Let h be s(9). What is the hundreds digit of (-8152)/h - (-24)/(-20)?
8
Let r = -19013 + 52575. What is the ten thousands digit of r?
3
Let x(q) = 227*q**2 + 10*q + 18. Let y = 119 + -121. Let u be x(y). Suppose 5*s - u - 559 = 0. What is the units digit of s?
3
Suppose -2*g = -3*p + 10 + 9, 5*g + 5 = -p. Suppose 2*o + 2*b + 298 = -0*b, -3*o = -p*b + 447. Let z = 209 + o. What is the tens digit of z?
6
What is the ten thousands digit of (-7 - -14454) + -10 + 11?
1
Suppose 11*o - 785572 = q, -7*q - 214280 = -3*o - 2*q. What is the units digit of o?
5
Suppose -3 + 1 = i. Let h be ((-3)/(-6))/(i/(-940)). Suppose -110*f = -115*f + h. What is the tens digit of f?
4
Suppose 15*d - 62 = 14*d. Let c = 61 - d. What is the hundreds digit of (-23)/((-18)/(-21) + c)?
1
Let x be (45/10 - 3)/((-2)/(-4)). Suppose -x*s - 4*t + 512 = -s, 1024 = 4*s + 5*t. Suppose -s = -3*r + 4*l, 5*l - 388 = -4*r + l. What is the tens digit of r?
9
Let g(z) = 73*z + 7. Let o be g(1). What is the tens digit of ((-21)/(-8)*-2)/(o/(-4160))?
7
Let t = 1189 - 2039. What is the units digit of t/(-120) - 7 - 15983/(-12)?
2
What is the hundreds digit of 37814/(-777)*153/(-6)?
2
Let s be -172*(2839/(-76) - 8/(-76)). Suppose 0 = -15*r + 7423 + s. What is the hundreds digit of r?
9
Let a = -15841 + 37032. What is the ten thousands digit of a?
2
What is the thousands digit of (-8)/(-4)*-2 + 52*118?
6
Suppose -253937 = -5*f + 3*x, -501*x = -3*f - 506*x + 152335. What is the ten thousands digit of f?
5
Let o(y) = 8*y - 1. Let x(z) = -23*z - 118. Let b(u) = -o(u) - x(u). What is the hundreds digit of b(18)?
3
Let w be (-15)/35 + 1257/(-7). Let b = 72 - w. Let g = -133 + b. What is the units digit of g?
9
Suppose 2*c = -5*c + 14. Suppose q - 3456 = -3*q - c*z, 3*z + 4342 = 5*q. What is the units digit of q?
6
Let d(y) = -753*y + 58. Suppose 0 = 26*t - 33 + 59. What is the units digit of d(t)?
1
Let o = -1160 - -4004. Suppose 19*a - 7*a = o. What is the units digit of a?
7
Let y(t) = -3*t**3 + 41*t**2 + 13*t + 30. Let l be y(13). Let a = l - 310. What is the hundreds digit of a?
2
Let j = -68272 + 96388. What is the units digit of j?
6
Let b(a) = 42*a**3 - 5*a**2 - 19*a + 48. What is the tens digit of b(5)?
7
Let w(t) be the second derivative of t**5/15 - 23*t**4/24 - 3*t**3/2 + 9*t. Let c(h) be the second derivative of w(h). What is the tens digit of c(8)?
4
Let j(k) = 787*k + 244. What is the hundreds digit of j(10)?
1
Let u = -3 - -1. Let s be 5/(-10)*0/3. What is the tens digit of (-99 + s)*u + 3?
0
Suppose 154943 = 45*i - 60202. What is the hundreds digit of i?
7
Let a = 11 - 11. Suppose 0 = -a*c + 6*c + 30. Let v = 67 - c. What is the tens digit of v?
7
Suppose -8*x + 40*x + 37*x = 655362. What is the thousands digit of x?
9
Suppose 23*p - 28*p + 15838 = -5467. What is the units digit of p?
1
Let n(i) = -126 + 7*i**2 + 4*i**2 - 4*i**2 - 20*i - 5*i**2. What is the hundreds digit of n(-11)?
3
Let h be ((-56)/9 - -6) + 488/9. Suppose -4*x + 218 - h = 0. Suppose -3*b + 5*b + n - x = 0, -2*b + 71 = -5*n. What is the units digit of b?
3
Let h be 0 + 11 + -4 + -3. Suppose h*p - 103 = -0*y - 3*y, 80 = 3*p + 5*y. What is the units digit of 10/p - 114/(-15)?
8
Suppose 6 = 5*b - 0*b - 3*f, -3*f + 9 = 0. What is the units digit of (b - 2)/(3*2/228)?
8
Suppose -b + 0*b - 21 = 5*j, j - 3 = -2*b. Suppose 0 = -5*a - 2*s + 330, -2*a - 132 = -b*a + 5*s. What is the units digit of a?
6
What is the tens digit of (-164868)/9*(-126)/224*(-64)/(-8)?
3
Suppose -2*d + 2*b = -6816, -24*d = -28*d - 4*b + 13600. What is the thousands digit of d?
3
Suppose -17*b = -1169 + 4110. Let s = -116 - b. What is the units digit of s?
7
Let r(a) = 2*a**3 - 11*a**2 + 8*a - 1. Let m be r(5). Let u = m + 310. What is the hundreds digit of u?
3
What is the ten thousands digit of -58*(-9 - 10175/10)?
5
Let x(a) = 2*a + 47. Suppose 0 = -6*j - 176 + 44. Let p be x(j). Suppose 6*q - 2*q - 284 = -4*w, -p*q + 233 = -w. What is the units digit of q?
6
What is the tens digit of 15297/(-4)*28/(-7)?
9
Suppose -2*n = 2*o - 4*o + 2784, 0 = -2*n. Suppose -23*i + 20*i + o = 0. What is the tens digit of i?
6
Let p(i) = 119*i**3 - 10*i + 14. What is the hundreds digit of p(4)?
5
Suppose 0 = 5*t - 13*g + 18*g - 90, 0 = -3*t + 2*g + 29. Suppose t*h - 1227 - 3960 = 0. What is the tens digit of h?
9
Let c be (-38)/(-4) - (-2)/4*-1. Suppose c = -7*d + 10*d. What is the units digit of ((-1)/d)/((-2)/534)?
9
Suppose 8*a - 6795 = 301. Let r = a + -294. What is the tens digit of r?
9
Suppose -80075 = -4*h + 32*x - 27*x, 2*h + 4*x - 40044 = 0. What is the tens digit of h?
2
Let u(n) = n**3 + 63*n**2 - 77*n + 988. What is the tens digit of u(-63)?
3
Let o(k) = -10*k + 27. Let n(u) = 9*u - 26. Let w(v) = -2*n(v) - 3*o(v). Suppose 4*i - 19 = 5*a + 16, -5*a - 25 = -3*i. What is the units digit of w(i)?
1
Suppose -3*a = -35 + 26, 4*o = -2*a + 315754. What is the units digit of o?
7
Let s(c) = -222*c - 1664. What is the tens digit of s(-64)?
4
Suppose -34*b = -40*b + 24. Suppose 28 = -4*z - b*i, -3 = -3*z - 3*i + 8*i. What is the tens digit of ((-14)/z)/(3*(-2)/(-252))?
4
Let q(a) = -10*a + 23. Suppose -2*s = -3*t + 11, -2*t + 3 + 11 = 2*s. Let n be q(t). Let w = 42 + n. What is the tens digit of w?
1
What is the ten thousands digit of ((-35)/25 + 5)/(4/((-665640)/(-27)))?
2
Let k = 130 + -126. Suppose 2*t + k*b - 1024 = 0, -5*b - 2560 = -5*t - 6*b. What is the units digit of t?
2
What is the units digit of 192041/14 + 57/(-266)?
7
Suppose -16304 = -919*m + 911*m. What is the hundreds digit of m?
0
Let y = 45317 + -30511. What is the units digit of y?
6
Suppose 2*f - b - 2828 = -5*b, -4*f - 3*b = -5636. Suppose 3*c = -v + f, -4*v - c + 3*c = -5680. What is the tens digit of v?
1
Suppose -3*q + 8 = q. Let x be (-1)/((-4)/180*3). Suppose -x + q = -w. What is the tens digit of w?
1
Let k be (-3 + (4 - 2))/(6/(-12)). Suppose -v = v + j - 678, 5*j + 690 = k*v. What is the hundreds digit of v?
3
Suppose -5*x - 4 = 3*o, -4*x + 3 = 4*o - 5. Let h(n) = 25*n**2 + 19. What is the hundreds digit of h(o)?
2
Let b(i) = 7*i + 3*i**3 + i**2 - 6 - 6*i + 10